re the prime factors of k?
37
Suppose -4*n + 906 = 30. List the prime factors of n.
3, 73
Let s(a) = 2*a + 1. Let i be s(2). Let r(m) = 1 - 49*m + 30*m + 22*m. List the prime factors of r(i).
2
Let b(x) be the second derivative of -7*x**5/5 + x**4/12 + x**3/3 + x**2 + 2*x. List the prime factors of b(-1).
29
Let v = -91 + 161. What are the prime factors of v?
2, 5, 7
Suppose -k - k = 2. Let s = 5 - k. What are the prime factors of s?
2, 3
Suppose -5*a + 3*a = 0. Let i be 0/(-1*(a + 1)). Suppose 20 = 5*t + 2*u, 3*t - 28 = -i*t + 2*u. What are the prime factors of t?
2, 3
Let k(y) = 6*y**2 + 8*y - 16. What are the prime factors of k(4)?
2, 7
List the prime factors of (-66)/(-18) + -3 - (-1910)/6.
11, 29
Let d(m) = -2*m**2 - 4*m + 4. Let f be d(-6). Let n = f + 27. Let q = n - -28. List the prime factors of q.
11
Let z be -13 + 1 + (-6)/3. Let w = 16 + z. List the prime factors of w.
2
Suppose 3*s = -y - 3 + 11, -6 = -s - 2*y. Suppose 0 = -b + s*b - 44. Suppose -4*f - k = -b, 0 = 3*f - 4*k - 0*k - 33. List the prime factors of f.
11
Let o(h) = 18*h + 1. Let t(y) = 9*y + 1. Let a(z) = -3*o(z) + 5*t(z). List the prime factors of a(-2).
2, 5
Let f(a) = -10*a - 25. What are the prime factors of f(-5)?
5
Let l be 1/(1 + 12/(-10)). Let g = l + 9. Let y = 18 - g. What are the prime factors of y?
2, 7
Let l = -15 + 15. Let s = -5 + 16. Suppose l = -3*m + 2*m + s. List the prime factors of m.
11
Let i be ((-2)/3)/(2/(-9)). Suppose -i - 1 = -2*z. Suppose -z*p = p - 39. List the prime factors of p.
13
Let t(a) = a - 14. Let r be t(0). Let u = -4 + -70. List the prime factors of u/(-10) - r/(-35).
7
Suppose -2*w + 81 = -79. List the prime factors of w.
2, 5
Let q = 64 - 35. List the prime factors of q.
29
Suppose -5*w + 68 + 2 = 0. Suppose -3*u - o + 42 = 0, -4*o = 3*u - 2*u - w. List the prime factors of u.
2, 7
Let n be (-1 - -2)*(-1 + 6). Suppose n*r - 6 = 4*r. Let a = -1 + r. List the prime factors of a.
5
Let z be 1/2 + 28/(-8). What are the prime factors of 200/(-32)*(z - 1)?
5
Suppose 4*r + 8 - 20 = 0. Suppose 42 + r = -5*f. List the prime factors of (2 + 1)/(f/(-39)).
13
Suppose -6*z + 2 = -5*z. Let r(k) = -2*k**2 + 0*k**3 - k**3 + 5*k**z + 3. What are the prime factors of r(3)?
3
Let h be (9/6)/((-6)/16). List the prime factors of (-42)/(-1)*h/(-12).
2, 7
Suppose 5*r + 4 = 49. List the prime factors of r.
3
Let c = 5 - 1. Let v(j) = j**3 - 3*j**2 + 7*j - 6. What are the prime factors of v(c)?
2, 19
Let m(z) = -3 + 5*z**2 - z**3 - 23*z + 10 + 0 + 29*z. Suppose -4*v + 19 + 5 = 0. What are the prime factors of m(v)?
7
Let o = -6 + -16. What are the prime factors of (o/(-6))/(4/12)?
11
Let m = 0 - -28. List the prime factors of m.
2, 7
Let m(p) = -p**2 - p. Let j be m(-3). Let b(n) = -2*n**2 - 17*n - 13. Let r(o) = -o**2 - 8*o - 7. Let w(f) = 2*b(f) - 5*r(f). List the prime factors of w(j).
3
Suppose 4*v - 4 = 36. Suppose 5*c = 4*b - 62, -2*c = b + v - 32. What are the prime factors of b?
2, 3
Let y(s) = s**2 - 8*s + 9. Let b(u) = u - 4. Let n be b(3). Let w = n - -8. What are the prime factors of y(w)?
2
Let t(g) = 2*g**3 + 22*g**2 + 15*g + 13. List the prime factors of t(-10).
3, 7
Let i(u) = -u**3 + 5*u**2 + u - 2. Let p(b) = -2*b - 1. Let h be p(-3). Let o be i(h). Suppose o*g - 18 = g. What are the prime factors of g?
3
Suppose 5*i = -15 + 5, 0 = 5*o + 4*i - 42. What are the prime factors of o?
2, 5
Suppose -4*n + 3*c + 12 + 5 = 0, -2*n - 3*c = 5. Suppose -p + 3*v - 145 = -6*p, -27 = -n*p + 5*v. What are the prime factors of p?
2, 13
Let v be 69/(-2)*(3 + -5). Suppose -4*s - 92 = -4*l, -4*l + v = -l + s. Suppose 0 = 4*p + 7 - l. What are the prime factors of p?
2
Let x(f) = 2*f**2 + 12*f + 5. Suppose -3*z - 21 - 13 = 2*s, -60 = 5*z + 4*s. List the prime factors of x(z).
37
Let t(s) = -7*s**3 + 9*s**2 + 13*s - 1. Let y(o) = -4*o**3 + 4*o**2 + 6*o. Let c(x) = 3*t(x) - 5*y(x). Let l = 22 + -14. What are the prime factors of c(l)?
5
Let s(o) be the third derivative of 0*o - 1/8*o**4 - 2*o**2 - 2*o**3 + 0. What are the prime factors of s(-6)?
2, 3
Let a(n) = n**3 + 6*n**2 + 5*n - 1. Let g be a(-5). Let w(z) = -z - 4*z + 2*z**2 + 1 + 7*z - 21*z**3. List the prime factors of w(g).
2, 11
Let d(h) = -h**3 - 8*h**2 - 8*h - 10. Let v be d(-7). Let i(p) = -2*p**2 - p + 3. Let w be i(v). Let a = w - -18. List the prime factors of a.
2, 3
Suppose 2*z = -3*b + 146, 2*z - 3*z - 88 = -2*b. List the prime factors of b.
2, 23
Let i = -22 + 52. What are the prime factors of i?
2, 3, 5
Let h be (35/10 - 1)*10. Let q be -17*-1*(2 - 3). Let k = h + q. What are the prime factors of k?
2
Let y be (-25 + 1)/(-3) + -2. Let t(v) = v**3 - 5*v**2 - 6*v + 2. List the prime factors of t(y).
2
Suppose 134 = 4*g + 46. What are the prime factors of g?
2, 11
Let q = 400 - 922. What are the prime factors of 3/(-2)*q/27?
29
Suppose w - 56 = 2*o, 3*w = -6*o + 2*o + 128. List the prime factors of w.
2, 3
Let r = 110 - 59. What are the prime factors of r?
3, 17
Suppose -46 = -17*o + 15*o. List the prime factors of o.
23
Suppose 5*r - 2*r = -6. Let l = r + 6. List the prime factors of l.
2
Let w(k) be the second derivative of -k**3/6 + 15*k**2/2 + 10*k. List the prime factors of w(10).
5
Suppose 0 = -2*b + 97 - 11. What are the prime factors of b?
43
Suppose 3*q - q = 0. Suppose -4*v = -o - 58, q*o = 3*v - 3*o - 48. What are the prime factors of v?
2, 7
Let c = -10 + 48. Suppose 0 = -4*t + 2*t - c. Let j = -9 - t. List the prime factors of j.
2, 5
List the prime factors of ((-10)/(-30))/(1/9).
3
Suppose 5*p + 364 = 4*i + p, 272 = 3*i - 2*p. List the prime factors of i.
2, 3, 5
Suppose 5*n - 5 = 5. Suppose 3*u - n*u = 0. Suppose -2*b + 0*b + 24 = u. List the prime factors of b.
2, 3
Let h(b) = -5*b**2 + 9 + 3*b + 0*b - 4*b + 6*b**2. Let i(g) = g**2 - 4*g - 5. Let t be i(5). List the prime factors of h(t).
3
Let a(d) = d**3 - 5*d**2 + 4*d + 1. Let p be a(4). Suppose -2*k - 1 = 2*r - 9, -3*r - 9 = 0. Let s = k - p. List the prime factors of s.
2, 3
Let q be (3 + -3 + 1)*29. Suppose 3*v - 3*l = 5*v - 6, -4*l = 5*v - q. What are the prime factors of v?
3
Let b = -12 - -18. Suppose b*l - 2 = 130. List the prime factors of l.
2, 11
Let n(u) = -27*u + 8. What are the prime factors of n(-5)?
11, 13
Let g(o) = 8*o**2 + 12*o + 30. List the prime factors of g(-6).
2, 3, 41
Let b be (-1)/((-24)/(-9) - 3). List the prime factors of 2618/56 - b/4.
2, 23
What are the prime factors of (-5)/(25/(-676)) + 9/(-45)?
3, 5
Suppose -q = 3*t + 53, -4*t - 3*q - 84 + 5 = 0. Let x = 25 + t. List the prime factors of x.
3
Suppose -2*g = -132 + 42. List the prime factors of g.
3, 5
Let r(i) = -4*i**2 - 24*i - 3. Let q be r(-6). Let l(o) = -o**3 - o**2 - 3*o - 3. Let x be l(-3). What are the prime factors of x + 6*q/6?
3, 7
Let k = -1 + 41. List the prime factors of k.
2, 5
Suppose -2*i = -7*i + 340. List the prime factors of i.
2, 17
Let i = 30 - -27. What are the prime factors of (-1)/((-9)/i)*3?
19
Suppose -3*g = -57 - 33. What are the prime factors of g?
2, 3, 5
Suppose -3*j + 2 = -7. Suppose 3*h - 20 = -h. Let k = h - j. List the prime factors of k.
2
Let i(b) = -8*b + 108. List the prime factors of i(0).
2, 3
Let n = 3 - -3. List the prime factors of n.
2, 3
Let p(v) = 3*v - 15. Let f be 1 - 8*(2 - 3). List the prime factors of p(f).
2, 3
Let q be 8/(-36) + 14/(-18). What are the prime factors of 2 - q - -3 - 2?
2
Let h be (-4)/(-16) + (-38)/(-8). Suppose -h*c = -2*a - 28, 3*c + 12 = -5*a + c. List the prime factors of a/10 + 81/15.
5
What are the prime factors of 26/6*(-7 + 10)?
13
Let o(n) = n**3 + 7*n**2 + 3*n - 2. Let v be o(-4). Suppose 4*y + 2*c + 0*c = 80, 0 = -y - 4*c + v. List the prime factors of y.
2, 3
Suppose 19 = -5*t + 64. List the prime factors of t.
3
Let b = -9 - -8. Let o = b - -10. What are the prime factors of o?
3
Suppose -2*x + 147 = 21. What are the prime factors of x?
3, 7
Let i be (1 - 0) + -3*1. Let h(o) = o + 10. Let b be h(0). What are the prime factors of 244/20 + i/b?
2, 3
Let a = 5 + -1. Suppose l + 5*i = 20, a*i - 5 = -2*l + 17. Suppose -l*g = -g - 48. List the prime factors of g.
2, 3
Let k(o) = o**2 - 6*o + 7. Let b be (-28)/12*(-1 + -2). List the prime factors of k(b).
2, 7
Let x(a) = -a**2 - 5*a + 8. Let o be x(-7). Let l = o - -9. List the prime factors of l.
3
Suppose -3